{"id":2831,"date":"2018-06-19T10:44:49","date_gmt":"2018-06-19T10:44:49","guid":{"rendered":"https:\/\/www.arataumodular.com\/app\/?page_id=2831"},"modified":"2022-08-22T15:07:24","modified_gmt":"2022-08-22T18:07:24","slug":"contact","status":"publish","type":"page","link":"https:\/\/www.arataumodular.com\/app\/contact\/","title":{"rendered":"Contact"},"content":{"rendered":"\t\t<div data-elementor-type=\"wp-post\" data-elementor-id=\"2831\" class=\"elementor elementor-2831\">\n\t\t\t\t\t\t<section class=\"elementor-section elementor-top-section elementor-element elementor-element-b222737 elementor-section-stretched elementor-section-height-min-height elementor-section-boxed elementor-section-height-default elementor-section-items-middle\" data-id=\"b222737\" data-element_type=\"section\" data-e-type=\"section\" data-settings=\"{&quot;stretch_section&quot;:&quot;section-stretched&quot;,&quot;background_background&quot;:&quot;classic&quot;}\">\n\t\t\t\t\t\t\t<div class=\"elementor-background-overlay\"><\/div>\n\t\t\t\t\t\t\t<div class=\"elementor-container elementor-column-gap-default\">\n\t\t\t\t\t<div class=\"aux-parallax-section elementor-column elementor-col-100 elementor-top-column elementor-element elementor-element-1f1dcc3 aux-appear-watch-animation aux-fade-in-right\" data-id=\"1f1dcc3\" data-element_type=\"column\" data-e-type=\"column\">\n\t\t\t<div class=\"elementor-widget-wrap elementor-element-populated\">\n\t\t\t\t\t\t<div class=\"elementor-element elementor-element-cba28cc elementor-widget elementor-widget-aux_modern_heading\" data-id=\"cba28cc\" data-element_type=\"widget\" data-e-type=\"widget\" data-widget_type=\"aux_modern_heading.default\">\n\t\t\t\t<div class=\"elementor-widget-container\">\n\t\t\t\t\t<section class=\"aux-widget-modern-heading\">\n            <div class=\"aux-widget-inner\"><h2 class=\"aux-modern-heading-primary\">Contact<\/h2><\/div>\n        <\/section>\t\t\t\t<\/div>\n\t\t\t\t<\/div>\n\t\t\t\t<div class=\"elementor-element elementor-element-80f97ca elementor-widget elementor-widget-aux_breadcrumbs\" data-id=\"80f97ca\" data-element_type=\"widget\" data-e-type=\"widget\" data-widget_type=\"aux_breadcrumbs.default\">\n\t\t\t\t<div class=\"elementor-widget-container\">\n\t\t\t\t\t<div class=\"aux-elementor-breadcrumbs\"><p class=\"aux-breadcrumbs\"><span><span><a href=\"https:\/\/www.arataumodular.com\/app\/\">In\u00edcio<\/a><\/span><\/span><\/p><\/div>\t\t\t\t<\/div>\n\t\t\t\t<\/div>\n\t\t\t\t\t<\/div>\n\t\t<\/div>\n\t\t\t\t\t<\/div>\n\t\t<\/section>\n\t\t\t\t<section class=\"elementor-section elementor-top-section elementor-element elementor-element-749b09c elementor-section-stretched elementor-section-content-middle elementor-reverse-mobile elementor-section-boxed elementor-section-height-default elementor-section-height-default\" data-id=\"749b09c\" data-element_type=\"section\" data-e-type=\"section\" data-settings=\"{&quot;stretch_section&quot;:&quot;section-stretched&quot;,&quot;background_background&quot;:&quot;classic&quot;}\">\n\t\t\t\t\t\t\t<div class=\"elementor-background-overlay\"><\/div>\n\t\t\t\t\t\t\t<div class=\"elementor-container elementor-column-gap-default\">\n\t\t\t\t\t<div class=\"aux-parallax-section elementor-column elementor-col-33 elementor-top-column elementor-element elementor-element-04ea17f aux-appear-watch-animation aux-fade-in-up\" data-id=\"04ea17f\" data-element_type=\"column\" data-e-type=\"column\">\n\t\t\t<div class=\"elementor-widget-wrap elementor-element-populated\">\n\t\t\t\t\t\t<div class=\"elementor-element elementor-element-3df81c9 elementor-widget elementor-widget-aux_modern_heading\" data-id=\"3df81c9\" data-element_type=\"widget\" data-e-type=\"widget\" data-widget_type=\"aux_modern_heading.default\">\n\t\t\t\t<div class=\"elementor-widget-container\">\n\t\t\t\t\t<section class=\"aux-widget-modern-heading\">\n            <div class=\"aux-widget-inner\"><h2 class=\"aux-modern-heading-primary\">Contact<\/h2><h3 class=\"aux-modern-heading-secondary\"><span class=\"aux-head-before\">Contact us<\/span><\/h3><div class=\"aux-modern-heading-divider\"><\/div><div class=\"aux-modern-heading-description\"><p>In case of doubts, suggestions or request for proposal, please contact us.<\/p><\/div><\/div>\n        <\/section>\t\t\t\t<\/div>\n\t\t\t\t<\/div>\n\t\t\t\t<div class=\"elementor-element elementor-element-9801714 elementor-widget elementor-widget-aux_contact_form\" data-id=\"9801714\" data-element_type=\"widget\" data-e-type=\"widget\" data-widget_type=\"aux_contact_form.default\">\n\t\t\t\t<div class=\"elementor-widget-container\">\n\t\t\t\t\t<section class=\"widget-container aux-widget-contact-form aux-parent-au77965c10\">            <div class=\"aux-col-wrapper aux-no-gutter\">\n            <!-- @TODO - The output for element here -->\n\n            \n<div class=\"wpcf7 no-js\" id=\"wpcf7-f2753-o1\" lang=\"en-US\" dir=\"ltr\" data-wpcf7-id=\"2753\">\n<div class=\"screen-reader-response\"><p role=\"status\" aria-live=\"polite\" aria-atomic=\"true\"><\/p> <ul><\/ul><\/div>\n<form action=\"\/app\/wp-json\/wp\/v2\/pages\/2831#wpcf7-f2753-o1\" method=\"post\" class=\"wpcf7-form init\" aria-label=\"Contact form\" enctype=\"multipart\/form-data\" novalidate=\"novalidate\" data-status=\"init\">\n<div style=\"display: none;\">\n<input type=\"hidden\" name=\"_wpcf7\" value=\"2753\" \/>\n<input type=\"hidden\" name=\"_wpcf7_version\" value=\"6.0.2\" \/>\n<input type=\"hidden\" name=\"_wpcf7_locale\" value=\"en_US\" \/>\n<input type=\"hidden\" name=\"_wpcf7_unit_tag\" value=\"wpcf7-f2753-o1\" \/>\n<input type=\"hidden\" name=\"_wpcf7_container_post\" value=\"0\" \/>\n<input type=\"hidden\" name=\"_wpcf7_posted_data_hash\" value=\"\" \/>\n<input type=\"hidden\" name=\"_wpcf7cf_hidden_group_fields\" value=\"[]\" \/>\n<input type=\"hidden\" name=\"_wpcf7cf_hidden_groups\" value=\"[]\" \/>\n<input type=\"hidden\" name=\"_wpcf7cf_visible_groups\" value=\"[]\" \/>\n<input type=\"hidden\" name=\"_wpcf7cf_repeaters\" value=\"[]\" \/>\n<input type=\"hidden\" name=\"_wpcf7cf_steps\" value=\"{}\" \/>\n<input type=\"hidden\" name=\"_wpcf7cf_options\" value=\"{&quot;form_id&quot;:2753,&quot;conditions&quot;:[{&quot;then_field&quot;:&quot;group-60&quot;,&quot;and_rules&quot;:[{&quot;if_field&quot;:&quot;assunto&quot;,&quot;operator&quot;:&quot;equals&quot;,&quot;if_value&quot;:&quot;Work at ARATAU&quot;}]}],&quot;settings&quot;:{&quot;animation&quot;:&quot;yes&quot;,&quot;animation_intime&quot;:200,&quot;animation_outtime&quot;:200,&quot;conditions_ui&quot;:&quot;normal&quot;,&quot;notice_dismissed&quot;:false,&quot;notice_dismissed_rollback-cf7-5.3.2&quot;:true,&quot;notice_dismissed_update-cf7-5.6&quot;:true,&quot;notice_dismissed_update-cf7-5.6.1&quot;:true,&quot;notice_dismissed_update-cf7-5.7.7&quot;:true,&quot;notice_dismissed_update-cf7-5.8&quot;:true}}\" \/>\n<\/div>\n<div class=\"aux-arch-form-inputs\">\n\t<p><span class=\"wpcf7-form-control-wrap\" data-name=\"your-name\"><input size=\"40\" maxlength=\"400\" class=\"wpcf7-form-control wpcf7-text wpcf7-validates-as-required\" aria-required=\"true\" aria-invalid=\"false\" placeholder=\"Name*\" value=\"\" type=\"text\" name=\"your-name\" \/><\/span><br \/>\n<span class=\"wpcf7-form-control-wrap\" data-name=\"your-email\"><input size=\"40\" maxlength=\"400\" class=\"wpcf7-form-control wpcf7-email wpcf7-validates-as-required wpcf7-text wpcf7-validates-as-email\" aria-required=\"true\" aria-invalid=\"false\" placeholder=\"Email*\" value=\"\" type=\"email\" name=\"your-email\" \/><\/span><br \/>\n<span class=\"wpcf7-form-control-wrap telefone\"><input type=\"text\" value=\"\" name=\"telefone\" class=\"wpcf7-form-control wpcf7-mask wpcf7mf-mask\" size=\"40\" aria-required=\"\" aria-invalid=\"\" placeholder=\"Phone\" data-mask=\"+__(__) _____-____\" \/><\/span>\n\t<\/p>\n<\/div>\n<div class=\"full\">\n\t<p><span class=\"wpcf7-form-control-wrap\" data-name=\"assunto\"><select class=\"wpcf7-form-control wpcf7-select\" aria-invalid=\"false\" name=\"assunto\"><option value=\"CHOOSE CONTACT CHANNEL\">CHOOSE CONTACT CHANNEL<\/option><option value=\"Customer Channel\">Customer Channel<\/option><option value=\"Supplier Channel\">Supplier Channel<\/option><option value=\"Work at ARATAU\">Work at ARATAU<\/option><option value=\"Talk to CEO\">Talk to CEO<\/option><option value=\"Press\">Press<\/option><\/select><\/span>\n\t<\/p>\n<\/div>\n<div data-id=\"group-60\" data-orig_data_id=\"group-60\"  data-class=\"wpcf7cf_group\">\n\t<p><label class=\"cv\"> <span class=\"cv2\">Send your C.V.<\/span><br \/>\n<span class=\"wpcf7-form-control-wrap\" data-name=\"file-845\"><input size=\"40\" class=\"wpcf7-form-control wpcf7-file\" accept=\".docx,.pdf\" aria-invalid=\"false\" type=\"file\" name=\"file-845\" \/><\/span><br \/>\n<\/label>\n\t<\/p>\n<\/div>\n<p><label><br \/>\n<\/label>\n<\/p>\n<div class=\"aux-arch-form-textarea\">\n\t<p><span class=\"wpcf7-form-control-wrap\" data-name=\"your-message\"><textarea cols=\"40\" rows=\"10\" maxlength=\"2000\" class=\"wpcf7-form-control wpcf7-textarea\" aria-invalid=\"false\" placeholder=\"Message\" name=\"your-message\"><\/textarea><\/span>\n\t<\/p>\n<\/div>\n\t\t<input\n\t\t\t\ttype=\"hidden\"\n\t\t\t\tclass=\"hcaptcha-widget-id\"\n\t\t\t\tname=\"hcaptcha-widget-id\"\n\t\t\t\tvalue=\"eyJzb3VyY2UiOltdLCJmb3JtX2lkIjowfQ==-76dcaf52011f81d2d42c8cff506685b4\">\n\t\t\t\t<h-captcha\n\t\t\t\tclass=\"h-captcha\"\n\t\t\t\tdata-sitekey=\"c00403fd-106b-48b0-85b3-bb5774b2e0e4\"\n\t\t\t\tdata-theme=\"light\"\n\t\t\t\tdata-size=\"normal\"\n\t\t\t\tdata-auto=\"false\"\n\t\t\t\tdata-force=\"false\">\n\t\t<\/h-captcha>\n\t\t<input type=\"hidden\" id=\"hcaptcha_nonce\" name=\"hcaptcha_nonce\" value=\"6466786f66\" \/><input type=\"hidden\" name=\"_wp_http_referer\" value=\"\/app\/wp-json\/wp\/v2\/pages\/2831\" \/>\n<\/p>\n<p><input class=\"wpcf7-form-control wpcf7-submit has-spinner\" type=\"submit\" value=\"Submit\" \/>\n<\/p><p style=\"display: none !important;\" class=\"akismet-fields-container\" data-prefix=\"_wpcf7_ak_\"><label>&#916;<textarea name=\"_wpcf7_ak_hp_textarea\" cols=\"45\" rows=\"8\" maxlength=\"100\"><\/textarea><\/label><input type=\"hidden\" id=\"ak_js_1\" name=\"_wpcf7_ak_js\" value=\"51\"\/><script>\ndocument.getElementById( \"ak_js_1\" ).setAttribute( \"value\", ( new Date() ).getTime() );\n<\/script>\n<\/p><div class=\"wpcf7-response-output\" aria-hidden=\"true\"><\/div>\n<\/form>\n<\/div>\n\n\n            <\/div><!-- aux-col-wrapper -->\n    <\/section><!-- widget-container -->\t\t\t\t<\/div>\n\t\t\t\t<\/div>\n\t\t\t\t\t<\/div>\n\t\t<\/div>\n\t\t\t\t<div class=\"aux-parallax-section elementor-column elementor-col-33 elementor-top-column elementor-element elementor-element-5c0b4df\" data-id=\"5c0b4df\" data-element_type=\"column\" data-e-type=\"column\">\n\t\t\t<div class=\"elementor-widget-wrap\">\n\t\t\t\t\t\t\t<\/div>\n\t\t<\/div>\n\t\t\t\t<div class=\"aux-parallax-section elementor-column elementor-col-33 elementor-top-column elementor-element elementor-element-1ce90bb aux-appear-watch-animation aux-fade-in-up-1\" data-id=\"1ce90bb\" data-element_type=\"column\" data-e-type=\"column\">\n\t\t\t<div class=\"elementor-widget-wrap elementor-element-populated\">\n\t\t\t\t\t\t<div class=\"elementor-element elementor-element-95ba2da elementor-widget elementor-widget-text-editor\" data-id=\"95ba2da\" data-element_type=\"widget\" data-e-type=\"widget\" data-widget_type=\"text-editor.default\">\n\t\t\t\t<div class=\"elementor-widget-container\">\n\t\t\t\t\t\t\t\t\t<div>+55 11 98245-0001<\/div><p><span class=\"margin\"><br \/>contato@arataumodular.com<\/span><\/p><p>Rua Dr. Luiz Migliano, 1986 \u2013 Cj. 805<\/p><p>Morumbi \u2013 S\u00e3o Paulo \u2013 SP<\/p><p>CEP 05711-001<span class=\"margin\"><br \/><\/span><\/p><p>Brazil<\/p>\t\t\t\t\t\t\t\t<\/div>\n\t\t\t\t<\/div>\n\t\t\t\t\t<\/div>\n\t\t<\/div>\n\t\t\t\t\t<\/div>\n\t\t<\/section>\n\t\t\t\t<section class=\"elementor-section elementor-top-section elementor-element elementor-element-e48bdf8 elementor-section-stretched elementor-section-full_width elementor-section-height-default elementor-section-height-default\" data-id=\"e48bdf8\" data-element_type=\"section\" data-e-type=\"section\" data-settings=\"{&quot;stretch_section&quot;:&quot;section-stretched&quot;}\">\n\t\t\t\t\t\t<div class=\"elementor-container elementor-column-gap-default\">\n\t\t\t\t\t<div class=\"aux-parallax-section elementor-column elementor-col-100 elementor-top-column elementor-element elementor-element-a8832b3\" data-id=\"a8832b3\" data-element_type=\"column\" data-e-type=\"column\">\n\t\t\t<div class=\"elementor-widget-wrap elementor-element-populated\">\n\t\t\t\t\t\t<div class=\"elementor-element elementor-element-9b6a328 elementor-widget elementor-widget-google_maps\" data-id=\"9b6a328\" data-element_type=\"widget\" data-e-type=\"widget\" data-widget_type=\"google_maps.default\">\n\t\t\t\t<div class=\"elementor-widget-container\">\n\t\t\t\t\t\t\t<div class=\"elementor-custom-embed\">\n\t\t\t<iframe loading=\"lazy\"\n\t\t\t\t\tsrc=\"https:\/\/maps.google.com\/maps?q=Bonnaire%20Business%20Office%20Rua%20Dr.%20Luiz%20Migliano%2C%201986%20%E2%80%93%20Cj.%20805%20Morumbi%20%E2%80%93%20S%C3%A3o%20Paulo%20%E2%80%93%20SP%20%E2%80%93%20CEP%2005711-001&#038;t=m&#038;z=15&#038;output=embed&#038;iwloc=near\"\n\t\t\t\t\ttitle=\"Bonnaire Business Office Rua Dr. Luiz Migliano, 1986 \u2013 Cj. 805 Morumbi \u2013 S\u00e3o Paulo \u2013 SP \u2013 CEP 05711-001\"\n\t\t\t\t\taria-label=\"Bonnaire Business Office Rua Dr. Luiz Migliano, 1986 \u2013 Cj. 805 Morumbi \u2013 S\u00e3o Paulo \u2013 SP \u2013 CEP 05711-001\"\n\t\t\t><\/iframe>\n\t\t<\/div>\n\t\t\t\t\t\t<\/div>\n\t\t\t\t<\/div>\n\t\t\t\t\t<\/div>\n\t\t<\/div>\n\t\t\t\t\t<\/div>\n\t\t<\/section>\n\t\t\t\t<\/div>\n\t\t","protected":false},"excerpt":{"rendered":"<p>Contact Contact Contact us In case of doubts, suggestions or request for proposal, please contact us. CHOOSE CONTACT CHANNELCustomer ChannelSupplier ChannelWork at ARATAUTalk to CEOPress Send your C.V. +55 11 [&hellip;]<\/p>\n","protected":false},"author":1,"featured_media":0,"parent":0,"menu_order":0,"comment_status":"closed","ping_status":"closed","template":"elementor_header_footer","meta":{"footnotes":""},"class_list":["post-2831","page","type-page","status-publish","hentry"],"yoast_head":"<!-- This site is optimized with the Yoast SEO plugin v27.5 - https:\/\/yoast.com\/product\/yoast-seo-wordpress\/ -->\n<title>Contact - ARATAU Constru\u00e7\u00e3o Modular \u2013 Constru\u00e7\u00e3o Modular e Servi\u00e7os de Pr\u00e9-Constru\u00e7\u00e3o<\/title>\n<meta name=\"robots\" content=\"index, follow, max-snippet:-1, max-image-preview:large, max-video-preview:-1\" \/>\n<link rel=\"canonical\" href=\"https:\/\/www.arataumodular.com\/app\/contact\/\" \/>\n<meta property=\"og:locale\" content=\"pt_BR\" \/>\n<meta property=\"og:type\" content=\"article\" \/>\n<meta property=\"og:title\" content=\"Contact - ARATAU Constru\u00e7\u00e3o Modular \u2013 Constru\u00e7\u00e3o Modular e Servi\u00e7os de Pr\u00e9-Constru\u00e7\u00e3o\" \/>\n<meta property=\"og:description\" content=\"Contact Contact Contact us In case of doubts, suggestions or request for proposal, please contact us. CHOOSE CONTACT CHANNELCustomer ChannelSupplier ChannelWork at ARATAUTalk to CEOPress Send your C.V. +55 11 [&hellip;]\" \/>\n<meta property=\"og:url\" content=\"https:\/\/www.arataumodular.com\/app\/contact\/\" \/>\n<meta property=\"og:site_name\" content=\"ARATAU Constru\u00e7\u00e3o Modular \u2013 Constru\u00e7\u00e3o Modular e Servi\u00e7os de Pr\u00e9-Constru\u00e7\u00e3o\" \/>\n<meta property=\"article:modified_time\" content=\"2022-08-22T18:07:24+00:00\" \/>\n<meta name=\"twitter:card\" content=\"summary_large_image\" \/>\n<meta name=\"twitter:label1\" content=\"Est. tempo de leitura\" \/>\n\t<meta name=\"twitter:data1\" content=\"1 minuto\" \/>\n<script type=\"application\/ld+json\" class=\"yoast-schema-graph\">{\"@context\":\"https:\\\/\\\/schema.org\",\"@graph\":[{\"@type\":\"WebPage\",\"@id\":\"https:\\\/\\\/www.arataumodular.com\\\/app\\\/contact\\\/\",\"url\":\"https:\\\/\\\/www.arataumodular.com\\\/app\\\/contact\\\/\",\"name\":\"Contact - ARATAU Constru\u00e7\u00e3o Modular \u2013 Constru\u00e7\u00e3o Modular e Servi\u00e7os de Pr\u00e9-Constru\u00e7\u00e3o\",\"isPartOf\":{\"@id\":\"https:\\\/\\\/www.arataumodular.com\\\/app\\\/#website\"},\"datePublished\":\"2018-06-19T10:44:49+00:00\",\"dateModified\":\"2022-08-22T18:07:24+00:00\",\"breadcrumb\":{\"@id\":\"https:\\\/\\\/www.arataumodular.com\\\/app\\\/contact\\\/#breadcrumb\"},\"inLanguage\":\"pt-BR\",\"potentialAction\":[{\"@type\":\"ReadAction\",\"target\":[\"https:\\\/\\\/www.arataumodular.com\\\/app\\\/contact\\\/\"]}]},{\"@type\":\"BreadcrumbList\",\"@id\":\"https:\\\/\\\/www.arataumodular.com\\\/app\\\/contact\\\/#breadcrumb\",\"itemListElement\":[{\"@type\":\"ListItem\",\"position\":1,\"name\":\"In\u00edcio\",\"item\":\"https:\\\/\\\/www.arataumodular.com\\\/app\\\/\"},{\"@type\":\"ListItem\",\"position\":2,\"name\":\"Contact\"}]},{\"@type\":\"WebSite\",\"@id\":\"https:\\\/\\\/www.arataumodular.com\\\/app\\\/#website\",\"url\":\"https:\\\/\\\/www.arataumodular.com\\\/app\\\/\",\"name\":\"ARATAU Constru\u00e7\u00e3o Modular \u2013 Constru\u00e7\u00e3o Modular e Servi\u00e7os de Pr\u00e9-Constru\u00e7\u00e3o\",\"description\":\"A Aratau Constru\u00e7\u00e3o Modular \u00e9 uma empresa inovadora, com solu\u00e7\u00f5es inteligentes de pr\u00e9-constru\u00e7\u00e3o e de constru\u00e7\u00e3o modular\",\"publisher\":{\"@id\":\"https:\\\/\\\/www.arataumodular.com\\\/app\\\/#organization\"},\"potentialAction\":[{\"@type\":\"SearchAction\",\"target\":{\"@type\":\"EntryPoint\",\"urlTemplate\":\"https:\\\/\\\/www.arataumodular.com\\\/app\\\/?s={search_term_string}\"},\"query-input\":{\"@type\":\"PropertyValueSpecification\",\"valueRequired\":true,\"valueName\":\"search_term_string\"}}],\"inLanguage\":\"pt-BR\"},{\"@type\":\"Organization\",\"@id\":\"https:\\\/\\\/www.arataumodular.com\\\/app\\\/#organization\",\"name\":\"ARATAU Constru\u00e7\u00e3o Modular \u2013 Constru\u00e7\u00e3o Modular e Servi\u00e7os de Pr\u00e9-Constru\u00e7\u00e3o\",\"url\":\"https:\\\/\\\/www.arataumodular.com\\\/app\\\/\",\"logo\":{\"@type\":\"ImageObject\",\"inLanguage\":\"pt-BR\",\"@id\":\"https:\\\/\\\/www.arataumodular.com\\\/app\\\/#\\\/schema\\\/logo\\\/image\\\/\",\"url\":\"https:\\\/\\\/www.arataumodular.com\\\/app\\\/wp-content\\\/uploads\\\/2020\\\/12\\\/logo-aratau.svg\",\"contentUrl\":\"https:\\\/\\\/www.arataumodular.com\\\/app\\\/wp-content\\\/uploads\\\/2020\\\/12\\\/logo-aratau.svg\",\"width\":1000,\"height\":448,\"caption\":\"ARATAU Constru\u00e7\u00e3o Modular \u2013 Constru\u00e7\u00e3o Modular e Servi\u00e7os de Pr\u00e9-Constru\u00e7\u00e3o\"},\"image\":{\"@id\":\"https:\\\/\\\/www.arataumodular.com\\\/app\\\/#\\\/schema\\\/logo\\\/image\\\/\"}}]}<\/script>\n<!-- \/ Yoast SEO plugin. -->","yoast_head_json":{"title":"Contact - ARATAU Constru\u00e7\u00e3o Modular \u2013 Constru\u00e7\u00e3o Modular e Servi\u00e7os de Pr\u00e9-Constru\u00e7\u00e3o","robots":{"index":"index","follow":"follow","max-snippet":"max-snippet:-1","max-image-preview":"max-image-preview:large","max-video-preview":"max-video-preview:-1"},"canonical":"https:\/\/www.arataumodular.com\/app\/contact\/","og_locale":"pt_BR","og_type":"article","og_title":"Contact - ARATAU Constru\u00e7\u00e3o Modular \u2013 Constru\u00e7\u00e3o Modular e Servi\u00e7os de Pr\u00e9-Constru\u00e7\u00e3o","og_description":"Contact Contact Contact us In case of doubts, suggestions or request for proposal, please contact us. CHOOSE CONTACT CHANNELCustomer ChannelSupplier ChannelWork at ARATAUTalk to CEOPress Send your C.V. +55 11 [&hellip;]","og_url":"https:\/\/www.arataumodular.com\/app\/contact\/","og_site_name":"ARATAU Constru\u00e7\u00e3o Modular \u2013 Constru\u00e7\u00e3o Modular e Servi\u00e7os de Pr\u00e9-Constru\u00e7\u00e3o","article_modified_time":"2022-08-22T18:07:24+00:00","twitter_card":"summary_large_image","twitter_misc":{"Est. tempo de leitura":"1 minuto"},"schema":{"@context":"https:\/\/schema.org","@graph":[{"@type":"WebPage","@id":"https:\/\/www.arataumodular.com\/app\/contact\/","url":"https:\/\/www.arataumodular.com\/app\/contact\/","name":"Contact - ARATAU Constru\u00e7\u00e3o Modular \u2013 Constru\u00e7\u00e3o Modular e Servi\u00e7os de Pr\u00e9-Constru\u00e7\u00e3o","isPartOf":{"@id":"https:\/\/www.arataumodular.com\/app\/#website"},"datePublished":"2018-06-19T10:44:49+00:00","dateModified":"2022-08-22T18:07:24+00:00","breadcrumb":{"@id":"https:\/\/www.arataumodular.com\/app\/contact\/#breadcrumb"},"inLanguage":"pt-BR","potentialAction":[{"@type":"ReadAction","target":["https:\/\/www.arataumodular.com\/app\/contact\/"]}]},{"@type":"BreadcrumbList","@id":"https:\/\/www.arataumodular.com\/app\/contact\/#breadcrumb","itemListElement":[{"@type":"ListItem","position":1,"name":"In\u00edcio","item":"https:\/\/www.arataumodular.com\/app\/"},{"@type":"ListItem","position":2,"name":"Contact"}]},{"@type":"WebSite","@id":"https:\/\/www.arataumodular.com\/app\/#website","url":"https:\/\/www.arataumodular.com\/app\/","name":"ARATAU Constru\u00e7\u00e3o Modular \u2013 Constru\u00e7\u00e3o Modular e Servi\u00e7os de Pr\u00e9-Constru\u00e7\u00e3o","description":"A Aratau Constru\u00e7\u00e3o Modular \u00e9 uma empresa inovadora, com solu\u00e7\u00f5es inteligentes de pr\u00e9-constru\u00e7\u00e3o e de constru\u00e7\u00e3o modular","publisher":{"@id":"https:\/\/www.arataumodular.com\/app\/#organization"},"potentialAction":[{"@type":"SearchAction","target":{"@type":"EntryPoint","urlTemplate":"https:\/\/www.arataumodular.com\/app\/?s={search_term_string}"},"query-input":{"@type":"PropertyValueSpecification","valueRequired":true,"valueName":"search_term_string"}}],"inLanguage":"pt-BR"},{"@type":"Organization","@id":"https:\/\/www.arataumodular.com\/app\/#organization","name":"ARATAU Constru\u00e7\u00e3o Modular \u2013 Constru\u00e7\u00e3o Modular e Servi\u00e7os de Pr\u00e9-Constru\u00e7\u00e3o","url":"https:\/\/www.arataumodular.com\/app\/","logo":{"@type":"ImageObject","inLanguage":"pt-BR","@id":"https:\/\/www.arataumodular.com\/app\/#\/schema\/logo\/image\/","url":"https:\/\/www.arataumodular.com\/app\/wp-content\/uploads\/2020\/12\/logo-aratau.svg","contentUrl":"https:\/\/www.arataumodular.com\/app\/wp-content\/uploads\/2020\/12\/logo-aratau.svg","width":1000,"height":448,"caption":"ARATAU Constru\u00e7\u00e3o Modular \u2013 Constru\u00e7\u00e3o Modular e Servi\u00e7os de Pr\u00e9-Constru\u00e7\u00e3o"},"image":{"@id":"https:\/\/www.arataumodular.com\/app\/#\/schema\/logo\/image\/"}}]}},"blog_post_layout_featured_media_urls":{"thumbnail":"","full":""},"categories_names":null,"comments_number":"0","_links":{"self":[{"href":"https:\/\/www.arataumodular.com\/app\/wp-json\/wp\/v2\/pages\/2831","targetHints":{"allow":["GET"]}}],"collection":[{"href":"https:\/\/www.arataumodular.com\/app\/wp-json\/wp\/v2\/pages"}],"about":[{"href":"https:\/\/www.arataumodular.com\/app\/wp-json\/wp\/v2\/types\/page"}],"author":[{"embeddable":true,"href":"https:\/\/www.arataumodular.com\/app\/wp-json\/wp\/v2\/users\/1"}],"replies":[{"embeddable":true,"href":"https:\/\/www.arataumodular.com\/app\/wp-json\/wp\/v2\/comments?post=2831"}],"version-history":[{"count":20,"href":"https:\/\/www.arataumodular.com\/app\/wp-json\/wp\/v2\/pages\/2831\/revisions"}],"predecessor-version":[{"id":7013,"href":"https:\/\/www.arataumodular.com\/app\/wp-json\/wp\/v2\/pages\/2831\/revisions\/7013"}],"wp:attachment":[{"href":"https:\/\/www.arataumodular.com\/app\/wp-json\/wp\/v2\/media?parent=2831"}],"curies":[{"name":"wp","href":"https:\/\/api.w.org\/{rel}","templated":true}]}}