{"id":3147,"date":"2021-03-08T13:35:44","date_gmt":"2021-03-08T13:35:44","guid":{"rendered":"https:\/\/www.arataumodular.com\/app\/?page_id=3147"},"modified":"2021-03-08T13:50:40","modified_gmt":"2021-03-08T13:50:40","slug":"blog-es","status":"publish","type":"page","link":"https:\/\/www.arataumodular.com\/app\/blog-es\/","title":{"rendered":"Blog"},"content":{"rendered":"\t\t<div data-elementor-type=\"wp-page\" data-elementor-id=\"3147\" class=\"elementor elementor-3147\">\n\t\t\t\t\t\t<section class=\"elementor-section elementor-top-section elementor-element elementor-element-c142135 elementor-section-boxed elementor-section-height-default elementor-section-height-default\" data-id=\"c142135\" data-element_type=\"section\" data-e-type=\"section\">\n\t\t\t\t\t\t<div class=\"elementor-container elementor-column-gap-default\">\n\t\t\t\t\t<div class=\"aux-parallax-section elementor-column elementor-col-100 elementor-top-column elementor-element elementor-element-6dae239\" data-id=\"6dae239\" data-element_type=\"column\" data-e-type=\"column\">\n\t\t\t<div class=\"elementor-widget-wrap elementor-element-populated\">\n\t\t\t\t\t\t<div class=\"elementor-element elementor-element-90866b3 elementor-widget elementor-widget-cv-list-blog-post-layout\" data-id=\"90866b3\" data-element_type=\"widget\" data-e-type=\"widget\" data-widget_type=\"cv-list-blog-post-layout.default\">\n\t\t\t\t<div class=\"elementor-widget-container\">\n\t\t\t\t\t<div id=\"cv-list-post-layout\" class=\"block-90866b3 cv-block cv-block-list--layout-one\">    <div class=\"cv-post-wrapper cv-post--imagemargin column--one\">\r\n                        <article post-id=\"post-3167\" class=\"cv-post post-format--standard\" itemscope itemtype=\"http:\/\/schema.org\/articleBody\">\r\n                    <div class=\"cv-post-left-wrap\">\r\n                        <div class=\"cv-post-thumb\">\r\n                            <a href=\"https:\/\/www.arataumodular.com\/app\/2021\/03\/08\/un-nuevo-impulso-para-la-construccion-modular-en-el-escenario-global\/\"><img decoding=\"async\" src=\"https:\/\/www.arataumodular.com\/app\/wp-content\/uploads\/2020\/12\/Voce-conhece-as-vantagens-de-uma-construcao-off-site-aratau.jpg\" alt=\"Un nuevo impulso para la construcci\u00f3n modular en el escenario global\"\/><\/a>\r\n                        <\/div>\r\n                    <\/div><!-- .cv-post-left-wrap -->\r\n                    <div class=\"cv-post-right-wrap\">\r\n                        <div class=\"cv-post-cats-wrap\"><span class=\"cv-post-cat\"><a href=\"https:\/\/www.arataumodular.com\/app\/category\/espanhol\/\">Espanhol<\/a><\/span><\/div>                        <h2 class=\"cv-post-title\">\r\n                            <a href=\"https:\/\/www.arataumodular.com\/app\/2021\/03\/08\/un-nuevo-impulso-para-la-construccion-modular-en-el-escenario-global\/\" target=\"_self\">\r\n                                Un nuevo impulso para la construcci\u00f3n modular en el escenario global                            <\/a>\r\n                        <\/h2>\r\n                        <div class=\"cv-post-meta cv-meta-icon-show\">\r\n                            <span class=\"cv-post-tags-wrap cv-post-meta-item\"><span class=\"cv-post-tag\"><a href=\"https:\/\/www.arataumodular.com\/app\/tag\/arquitetura\/\">Arquitetura<\/a><\/span><span class=\"cv-post-tag\"><a href=\"https:\/\/www.arataumodular.com\/app\/tag\/construcao-modular\/\">Constru\u00e7\u00e3o modular<\/a><\/span><span class=\"cv-post-tag\"><a href=\"https:\/\/www.arataumodular.com\/app\/tag\/construcao-modular-off-site\/\">Constru\u00e7\u00e3o modular off-site<\/a><\/span><span class=\"cv-post-tag\"><a href=\"https:\/\/www.arataumodular.com\/app\/tag\/flexibilidade\/\">Flexibilidade<\/a><\/span><span class=\"cv-post-tag\"><a href=\"https:\/\/www.arataumodular.com\/app\/tag\/mobilidade\/\">Mobilidade<\/a><\/span><span class=\"cv-post-tag\"><a href=\"https:\/\/www.arataumodular.com\/app\/tag\/modernidade\/\">Modernidade<\/a><\/span><span class=\"cv-post-tag\"><a href=\"https:\/\/www.arataumodular.com\/app\/tag\/prazo\/\">Prazo<\/a><\/span><span class=\"cv-post-tag\"><a href=\"https:\/\/www.arataumodular.com\/app\/tag\/sustentabilidade\/\">Sustentabilidade<\/a><\/span><span class=\"cv-post-tag\"><a href=\"https:\/\/www.arataumodular.com\/app\/tag\/vantagens\/\">Vantagens<\/a><\/span><\/span>                        <\/div>\r\n                        <div class=\"cv-post-content\" itemprop=\"description\">La construcci\u00f3n modular tiene el potencial de generar ahorros de costos de hasta un 20%, dependiendo de la competencia de las soluciones de ingenier\u00eda, dise\u00f1o&hellip;<\/div>                        <div class=\"cv-read-more\"><a href=https:\/\/www.arataumodular.com\/app\/2021\/03\/08\/un-nuevo-impulso-para-la-construccion-modular-en-el-escenario-global\/>Ler mais<i class=\"fas fa-arrow-right\"><\/i><\/a><\/div>                    <\/div><!-- .cv-post-right-wrap -->\r\n                <\/article>\r\n                        <article post-id=\"post-3165\" class=\"cv-post post-format--standard\" itemscope itemtype=\"http:\/\/schema.org\/articleBody\">\r\n                    <div class=\"cv-post-left-wrap\">\r\n                        <div class=\"cv-post-thumb\">\r\n                            <a href=\"https:\/\/www.arataumodular.com\/app\/2021\/03\/08\/construccion-modular-cuales-son-los-beneficios-de-esta-tendencia-para-el-sector\/\"><img decoding=\"async\" src=\"https:\/\/www.arataumodular.com\/app\/wp-content\/uploads\/2020\/12\/Construcao-modular-quais-os-beneficios-dessa-tendencia-para-o-setor-aratau.jpg\" alt=\"Construcci\u00f3n modular: \u00bfcu\u00e1les son los beneficios de esta tendencia para el sector?\"\/><\/a>\r\n                        <\/div>\r\n                    <\/div><!-- .cv-post-left-wrap -->\r\n                    <div class=\"cv-post-right-wrap\">\r\n                        <div class=\"cv-post-cats-wrap\"><span class=\"cv-post-cat\"><a href=\"https:\/\/www.arataumodular.com\/app\/category\/espanhol\/\">Espanhol<\/a><\/span><\/div>                        <h2 class=\"cv-post-title\">\r\n                            <a href=\"https:\/\/www.arataumodular.com\/app\/2021\/03\/08\/construccion-modular-cuales-son-los-beneficios-de-esta-tendencia-para-el-sector\/\" target=\"_self\">\r\n                                Construcci\u00f3n modular: \u00bfcu\u00e1les son los beneficios de esta tendencia para el sector?                            <\/a>\r\n                        <\/h2>\r\n                        <div class=\"cv-post-meta cv-meta-icon-show\">\r\n                            <span class=\"cv-post-tags-wrap cv-post-meta-item\"><span class=\"cv-post-tag\"><a href=\"https:\/\/www.arataumodular.com\/app\/tag\/beneficios-construcao-modular\/\">Benef\u00edcios constru\u00e7\u00e3o modular<\/a><\/span><span class=\"cv-post-tag\"><a href=\"https:\/\/www.arataumodular.com\/app\/tag\/construcao-civil\/\">Constru\u00e7\u00e3o civil<\/a><\/span><span class=\"cv-post-tag\"><a href=\"https:\/\/www.arataumodular.com\/app\/tag\/construcao-modular\/\">Constru\u00e7\u00e3o modular<\/a><\/span><span class=\"cv-post-tag\"><a href=\"https:\/\/www.arataumodular.com\/app\/tag\/modernidade\/\">Modernidade<\/a><\/span><span class=\"cv-post-tag\"><a href=\"https:\/\/www.arataumodular.com\/app\/tag\/prazo\/\">Prazo<\/a><\/span><span class=\"cv-post-tag\"><a href=\"https:\/\/www.arataumodular.com\/app\/tag\/rapidez\/\">Rapidez<\/a><\/span><span class=\"cv-post-tag\"><a href=\"https:\/\/www.arataumodular.com\/app\/tag\/sustentabilidade\/\">Sustentabilidade<\/a><\/span><span class=\"cv-post-tag\"><a href=\"https:\/\/www.arataumodular.com\/app\/tag\/tendencia\/\">Tend\u00eancia<\/a><\/span><span class=\"cv-post-tag\"><a href=\"https:\/\/www.arataumodular.com\/app\/tag\/vantagens\/\">Vantagens<\/a><\/span><\/span>                        <\/div>\r\n                        <div class=\"cv-post-content\" itemprop=\"description\">En la construcci\u00f3n civil, cuando hablamos de optimizar las operaciones, aumentar los est\u00e1ndares de seguridad y agregar m\u00e1s calidad a los proyectos, el concepto de&hellip;<\/div>                        <div class=\"cv-read-more\"><a href=https:\/\/www.arataumodular.com\/app\/2021\/03\/08\/construccion-modular-cuales-son-los-beneficios-de-esta-tendencia-para-el-sector\/>Ler mais<i class=\"fas fa-arrow-right\"><\/i><\/a><\/div>                    <\/div><!-- .cv-post-right-wrap -->\r\n                <\/article>\r\n                        <article post-id=\"post-3163\" class=\"cv-post post-format--standard\" itemscope itemtype=\"http:\/\/schema.org\/articleBody\">\r\n                    <div class=\"cv-post-left-wrap\">\r\n                        <div class=\"cv-post-thumb\">\r\n                            <a href=\"https:\/\/www.arataumodular.com\/app\/2021\/03\/08\/las-casas-modulares-anaden-productividad-a-la-construccion\/\"><img decoding=\"async\" src=\"https:\/\/www.arataumodular.com\/app\/wp-content\/uploads\/2020\/12\/Casas-modulares-agregam-produtividade-a-construcao-aratau.jpg\" alt=\"Las casas modulares a\u00f1aden productividad a la construcci\u00f3n\"\/><\/a>\r\n                        <\/div>\r\n                    <\/div><!-- .cv-post-left-wrap -->\r\n                    <div class=\"cv-post-right-wrap\">\r\n                        <div class=\"cv-post-cats-wrap\"><span class=\"cv-post-cat\"><a href=\"https:\/\/www.arataumodular.com\/app\/category\/espanhol\/\">Espanhol<\/a><\/span><\/div>                        <h2 class=\"cv-post-title\">\r\n                            <a href=\"https:\/\/www.arataumodular.com\/app\/2021\/03\/08\/las-casas-modulares-anaden-productividad-a-la-construccion\/\" target=\"_self\">\r\n                                Las casas modulares a\u00f1aden productividad a la construcci\u00f3n                            <\/a>\r\n                        <\/h2>\r\n                        <div class=\"cv-post-meta cv-meta-icon-show\">\r\n                            <span class=\"cv-post-tags-wrap cv-post-meta-item\"><span class=\"cv-post-tag\"><a href=\"https:\/\/www.arataumodular.com\/app\/tag\/beneficios-construcao-modular\/\">Benef\u00edcios constru\u00e7\u00e3o modular<\/a><\/span><span class=\"cv-post-tag\"><a href=\"https:\/\/www.arataumodular.com\/app\/tag\/casa-modular\/\">Casa modular<\/a><\/span><span class=\"cv-post-tag\"><a href=\"https:\/\/www.arataumodular.com\/app\/tag\/casas-modulares\/\">Casas modulares<\/a><\/span><span class=\"cv-post-tag\"><a href=\"https:\/\/www.arataumodular.com\/app\/tag\/construcao-civil\/\">Constru\u00e7\u00e3o civil<\/a><\/span><span class=\"cv-post-tag\"><a href=\"https:\/\/www.arataumodular.com\/app\/tag\/construcao-modular\/\">Constru\u00e7\u00e3o modular<\/a><\/span><span class=\"cv-post-tag\"><a href=\"https:\/\/www.arataumodular.com\/app\/tag\/construcao-modular-off-site\/\">Constru\u00e7\u00e3o modular off-site<\/a><\/span><span class=\"cv-post-tag\"><a href=\"https:\/\/www.arataumodular.com\/app\/tag\/modernidade\/\">Modernidade<\/a><\/span><span class=\"cv-post-tag\"><a href=\"https:\/\/www.arataumodular.com\/app\/tag\/prazo\/\">Prazo<\/a><\/span><span class=\"cv-post-tag\"><a href=\"https:\/\/www.arataumodular.com\/app\/tag\/rapidez\/\">Rapidez<\/a><\/span><span class=\"cv-post-tag\"><a href=\"https:\/\/www.arataumodular.com\/app\/tag\/vantagens\/\">Vantagens<\/a><\/span><\/span>                        <\/div>\r\n                        <div class=\"cv-post-content\" itemprop=\"description\">Es posible que no hayas escuchado mucho sobre las casas modulares industrializadas. Sin embargo, seguramente sabes que construir m\u00e1s en menos tiempo es un gran&hellip;<\/div>                        <div class=\"cv-read-more\"><a href=https:\/\/www.arataumodular.com\/app\/2021\/03\/08\/las-casas-modulares-anaden-productividad-a-la-construccion\/>Ler mais<i class=\"fas fa-arrow-right\"><\/i><\/a><\/div>                    <\/div><!-- .cv-post-right-wrap -->\r\n                <\/article>\r\n                        <article post-id=\"post-190\" class=\"cv-post post-format--standard\" itemscope itemtype=\"http:\/\/schema.org\/articleBody\">\r\n                    <div class=\"cv-post-left-wrap\">\r\n                        <div class=\"cv-post-thumb\">\r\n                            <a href=\"https:\/\/www.arataumodular.com\/app\/2020\/12\/14\/bienvenidos-al-futuro-por-que-la-construccion-modular\/\"><img decoding=\"async\" src=\"https:\/\/www.arataumodular.com\/app\/wp-content\/uploads\/2020\/12\/O-que-e-Construcao-Modular-Aratau.jpg\" alt=\"Bienvenidos al futuro: \u00bfpor qu\u00e9 la construcci\u00f3n modular?\"\/><\/a>\r\n                        <\/div>\r\n                    <\/div><!-- .cv-post-left-wrap -->\r\n                    <div class=\"cv-post-right-wrap\">\r\n                        <div class=\"cv-post-cats-wrap\"><span class=\"cv-post-cat\"><a href=\"https:\/\/www.arataumodular.com\/app\/category\/espanhol\/\">Espanhol<\/a><\/span><\/div>                        <h2 class=\"cv-post-title\">\r\n                            <a href=\"https:\/\/www.arataumodular.com\/app\/2020\/12\/14\/bienvenidos-al-futuro-por-que-la-construccion-modular\/\" target=\"_self\">\r\n                                Bienvenidos al futuro: \u00bfpor qu\u00e9 la construcci\u00f3n modular?                            <\/a>\r\n                        <\/h2>\r\n                        <div class=\"cv-post-meta cv-meta-icon-show\">\r\n                            <span class=\"cv-post-tags-wrap cv-post-meta-item\"><span class=\"cv-post-tag\"><a href=\"https:\/\/www.arataumodular.com\/app\/tag\/agilidade\/\">Agilidade<\/a><\/span><span class=\"cv-post-tag\"><a href=\"https:\/\/www.arataumodular.com\/app\/tag\/construcao-modular\/\">Constru\u00e7\u00e3o modular<\/a><\/span><span class=\"cv-post-tag\"><a href=\"https:\/\/www.arataumodular.com\/app\/tag\/construcao-modular-permanente\/\">Constru\u00e7\u00e3o modular permanente<\/a><\/span><span class=\"cv-post-tag\"><a href=\"https:\/\/www.arataumodular.com\/app\/tag\/edificios-desmontaveis\/\">Edif\u00edcios desmontav\u00e9is<\/a><\/span><span class=\"cv-post-tag\"><a href=\"https:\/\/www.arataumodular.com\/app\/tag\/rapidez\/\">Rapidez<\/a><\/span><span class=\"cv-post-tag\"><a href=\"https:\/\/www.arataumodular.com\/app\/tag\/sustentabilidade\/\">Sustentabilidade<\/a><\/span><\/span>                        <\/div>\r\n                        <div class=\"cv-post-content\" itemprop=\"description\">1 &#8211; Fundamentos de la construcci\u00f3n modular En este enfoque sint\u00e9tico, no destacaremos los conocidos problemas de la construcci\u00f3n tradicional. Abordaremos las razones por las&hellip;<\/div>                        <div class=\"cv-read-more\"><a href=https:\/\/www.arataumodular.com\/app\/2020\/12\/14\/bienvenidos-al-futuro-por-que-la-construccion-modular\/>Ler mais<i class=\"fas fa-arrow-right\"><\/i><\/a><\/div>                    <\/div><!-- .cv-post-right-wrap -->\r\n                <\/article>\r\n            <\/div><\/div>\t\t\t\t<\/div>\n\t\t\t\t<\/div>\n\t\t\t\t\t<\/div>\n\t\t<\/div>\n\t\t\t\t\t<\/div>\n\t\t<\/section>\n\t\t\t\t<\/div>\n\t\t","protected":false},"excerpt":{"rendered":"<p>Espanhol Un nuevo impulso para la construcci\u00f3n modular en el escenario global La construcci\u00f3n modular tiene el potencial de generar ahorros de costos de hasta un 20%, dependiendo de la [&hellip;]<\/p>\n","protected":false},"author":1,"featured_media":0,"parent":0,"menu_order":0,"comment_status":"closed","ping_status":"closed","template":"","meta":{"footnotes":""},"class_list":["post-3147","page","type-page","status-publish","hentry"],"yoast_head":"<!-- This site is optimized with the Yoast SEO plugin v27.6 - https:\/\/yoast.com\/product\/yoast-seo-wordpress\/ -->\n<title>Blog - ARATAU Constru\u00e7\u00e3o Modular \u2013 Constru\u00e7\u00e3o Modular e Servi\u00e7os de Pr\u00e9-Constru\u00e7\u00e3o<\/title>\n<meta name=\"robots\" content=\"index, follow, max-snippet:-1, max-image-preview:large, max-video-preview:-1\" \/>\n<link rel=\"canonical\" href=\"https:\/\/www.arataumodular.com\/app\/blog-es\/\" \/>\n<meta property=\"og:locale\" content=\"pt_BR\" \/>\n<meta property=\"og:type\" content=\"article\" \/>\n<meta property=\"og:title\" content=\"Blog - ARATAU Constru\u00e7\u00e3o Modular \u2013 Constru\u00e7\u00e3o Modular e Servi\u00e7os de Pr\u00e9-Constru\u00e7\u00e3o\" \/>\n<meta property=\"og:description\" content=\"Espanhol Un nuevo impulso para la construcci\u00f3n modular en el escenario global La construcci\u00f3n modular tiene el potencial de generar ahorros de costos de hasta un 20%, dependiendo de la [&hellip;]\" \/>\n<meta property=\"og:url\" content=\"https:\/\/www.arataumodular.com\/app\/blog-es\/\" \/>\n<meta property=\"og:site_name\" content=\"ARATAU Constru\u00e7\u00e3o Modular \u2013 Constru\u00e7\u00e3o Modular e Servi\u00e7os de Pr\u00e9-Constru\u00e7\u00e3o\" \/>\n<meta property=\"article:modified_time\" content=\"2021-03-08T13:50:40+00:00\" \/>\n<meta property=\"og:image\" content=\"https:\/\/www.arataumodular.com\/app\/wp-content\/uploads\/2020\/12\/Voce-conhece-as-vantagens-de-uma-construcao-off-site-aratau.jpg\" \/>\n<meta name=\"twitter:card\" content=\"summary_large_image\" \/>\n<meta name=\"twitter:label1\" content=\"Est. tempo de leitura\" \/>\n\t<meta name=\"twitter:data1\" content=\"1 minuto\" \/>\n<script type=\"application\/ld+json\" class=\"yoast-schema-graph\">{\"@context\":\"https:\\\/\\\/schema.org\",\"@graph\":[{\"@type\":\"WebPage\",\"@id\":\"https:\\\/\\\/www.arataumodular.com\\\/app\\\/blog-es\\\/\",\"url\":\"https:\\\/\\\/www.arataumodular.com\\\/app\\\/blog-es\\\/\",\"name\":\"Blog - ARATAU Constru\u00e7\u00e3o Modular \u2013 Constru\u00e7\u00e3o Modular e Servi\u00e7os de Pr\u00e9-Constru\u00e7\u00e3o\",\"isPartOf\":{\"@id\":\"https:\\\/\\\/www.arataumodular.com\\\/app\\\/#website\"},\"primaryImageOfPage\":{\"@id\":\"https:\\\/\\\/www.arataumodular.com\\\/app\\\/blog-es\\\/#primaryimage\"},\"image\":{\"@id\":\"https:\\\/\\\/www.arataumodular.com\\\/app\\\/blog-es\\\/#primaryimage\"},\"thumbnailUrl\":\"https:\\\/\\\/www.arataumodular.com\\\/app\\\/wp-content\\\/uploads\\\/2020\\\/12\\\/Voce-conhece-as-vantagens-de-uma-construcao-off-site-aratau.jpg\",\"datePublished\":\"2021-03-08T13:35:44+00:00\",\"dateModified\":\"2021-03-08T13:50:40+00:00\",\"breadcrumb\":{\"@id\":\"https:\\\/\\\/www.arataumodular.com\\\/app\\\/blog-es\\\/#breadcrumb\"},\"inLanguage\":\"pt-BR\",\"potentialAction\":[{\"@type\":\"ReadAction\",\"target\":[\"https:\\\/\\\/www.arataumodular.com\\\/app\\\/blog-es\\\/\"]}]},{\"@type\":\"ImageObject\",\"inLanguage\":\"pt-BR\",\"@id\":\"https:\\\/\\\/www.arataumodular.com\\\/app\\\/blog-es\\\/#primaryimage\",\"url\":\"https:\\\/\\\/www.arataumodular.com\\\/app\\\/wp-content\\\/uploads\\\/2020\\\/12\\\/Voce-conhece-as-vantagens-de-uma-construcao-off-site-aratau.jpg\",\"contentUrl\":\"https:\\\/\\\/www.arataumodular.com\\\/app\\\/wp-content\\\/uploads\\\/2020\\\/12\\\/Voce-conhece-as-vantagens-de-uma-construcao-off-site-aratau.jpg\",\"width\":1280,\"height\":720,\"caption\":\"Um novo impulso para a constru\u00e7\u00e3o modular no cen\u00e1rio global\"},{\"@type\":\"BreadcrumbList\",\"@id\":\"https:\\\/\\\/www.arataumodular.com\\\/app\\\/blog-es\\\/#breadcrumb\",\"itemListElement\":[{\"@type\":\"ListItem\",\"position\":1,\"name\":\"In\u00edcio\",\"item\":\"https:\\\/\\\/www.arataumodular.com\\\/app\\\/\"},{\"@type\":\"ListItem\",\"position\":2,\"name\":\"Blog\"}]},{\"@type\":\"WebSite\",\"@id\":\"https:\\\/\\\/www.arataumodular.com\\\/app\\\/#website\",\"url\":\"https:\\\/\\\/www.arataumodular.com\\\/app\\\/\",\"name\":\"ARATAU Constru\u00e7\u00e3o Modular \u2013 Constru\u00e7\u00e3o Modular e Servi\u00e7os de Pr\u00e9-Constru\u00e7\u00e3o\",\"description\":\"A Aratau Constru\u00e7\u00e3o Modular \u00e9 uma empresa inovadora, com solu\u00e7\u00f5es inteligentes de pr\u00e9-constru\u00e7\u00e3o e de constru\u00e7\u00e3o modular\",\"publisher\":{\"@id\":\"https:\\\/\\\/www.arataumodular.com\\\/app\\\/#organization\"},\"potentialAction\":[{\"@type\":\"SearchAction\",\"target\":{\"@type\":\"EntryPoint\",\"urlTemplate\":\"https:\\\/\\\/www.arataumodular.com\\\/app\\\/?s={search_term_string}\"},\"query-input\":{\"@type\":\"PropertyValueSpecification\",\"valueRequired\":true,\"valueName\":\"search_term_string\"}}],\"inLanguage\":\"pt-BR\"},{\"@type\":\"Organization\",\"@id\":\"https:\\\/\\\/www.arataumodular.com\\\/app\\\/#organization\",\"name\":\"ARATAU Constru\u00e7\u00e3o Modular \u2013 Constru\u00e7\u00e3o Modular e Servi\u00e7os de Pr\u00e9-Constru\u00e7\u00e3o\",\"url\":\"https:\\\/\\\/www.arataumodular.com\\\/app\\\/\",\"logo\":{\"@type\":\"ImageObject\",\"inLanguage\":\"pt-BR\",\"@id\":\"https:\\\/\\\/www.arataumodular.com\\\/app\\\/#\\\/schema\\\/logo\\\/image\\\/\",\"url\":\"https:\\\/\\\/www.arataumodular.com\\\/app\\\/wp-content\\\/uploads\\\/2020\\\/12\\\/logo-aratau.svg\",\"contentUrl\":\"https:\\\/\\\/www.arataumodular.com\\\/app\\\/wp-content\\\/uploads\\\/2020\\\/12\\\/logo-aratau.svg\",\"width\":1000,\"height\":448,\"caption\":\"ARATAU Constru\u00e7\u00e3o Modular \u2013 Constru\u00e7\u00e3o Modular e Servi\u00e7os de Pr\u00e9-Constru\u00e7\u00e3o\"},\"image\":{\"@id\":\"https:\\\/\\\/www.arataumodular.com\\\/app\\\/#\\\/schema\\\/logo\\\/image\\\/\"}}]}<\/script>\n<!-- \/ Yoast SEO plugin. -->","yoast_head_json":{"title":"Blog - ARATAU Constru\u00e7\u00e3o Modular \u2013 Constru\u00e7\u00e3o Modular e Servi\u00e7os de Pr\u00e9-Constru\u00e7\u00e3o","robots":{"index":"index","follow":"follow","max-snippet":"max-snippet:-1","max-image-preview":"max-image-preview:large","max-video-preview":"max-video-preview:-1"},"canonical":"https:\/\/www.arataumodular.com\/app\/blog-es\/","og_locale":"pt_BR","og_type":"article","og_title":"Blog - ARATAU Constru\u00e7\u00e3o Modular \u2013 Constru\u00e7\u00e3o Modular e Servi\u00e7os de Pr\u00e9-Constru\u00e7\u00e3o","og_description":"Espanhol Un nuevo impulso para la construcci\u00f3n modular en el escenario global La construcci\u00f3n modular tiene el potencial de generar ahorros de costos de hasta un 20%, dependiendo de la [&hellip;]","og_url":"https:\/\/www.arataumodular.com\/app\/blog-es\/","og_site_name":"ARATAU Constru\u00e7\u00e3o Modular \u2013 Constru\u00e7\u00e3o Modular e Servi\u00e7os de Pr\u00e9-Constru\u00e7\u00e3o","article_modified_time":"2021-03-08T13:50:40+00:00","og_image":[{"url":"https:\/\/www.arataumodular.com\/app\/wp-content\/uploads\/2020\/12\/Voce-conhece-as-vantagens-de-uma-construcao-off-site-aratau.jpg","type":"","width":"","height":""}],"twitter_card":"summary_large_image","twitter_misc":{"Est. tempo de leitura":"1 minuto"},"schema":{"@context":"https:\/\/schema.org","@graph":[{"@type":"WebPage","@id":"https:\/\/www.arataumodular.com\/app\/blog-es\/","url":"https:\/\/www.arataumodular.com\/app\/blog-es\/","name":"Blog - ARATAU Constru\u00e7\u00e3o Modular \u2013 Constru\u00e7\u00e3o Modular e Servi\u00e7os de Pr\u00e9-Constru\u00e7\u00e3o","isPartOf":{"@id":"https:\/\/www.arataumodular.com\/app\/#website"},"primaryImageOfPage":{"@id":"https:\/\/www.arataumodular.com\/app\/blog-es\/#primaryimage"},"image":{"@id":"https:\/\/www.arataumodular.com\/app\/blog-es\/#primaryimage"},"thumbnailUrl":"https:\/\/www.arataumodular.com\/app\/wp-content\/uploads\/2020\/12\/Voce-conhece-as-vantagens-de-uma-construcao-off-site-aratau.jpg","datePublished":"2021-03-08T13:35:44+00:00","dateModified":"2021-03-08T13:50:40+00:00","breadcrumb":{"@id":"https:\/\/www.arataumodular.com\/app\/blog-es\/#breadcrumb"},"inLanguage":"pt-BR","potentialAction":[{"@type":"ReadAction","target":["https:\/\/www.arataumodular.com\/app\/blog-es\/"]}]},{"@type":"ImageObject","inLanguage":"pt-BR","@id":"https:\/\/www.arataumodular.com\/app\/blog-es\/#primaryimage","url":"https:\/\/www.arataumodular.com\/app\/wp-content\/uploads\/2020\/12\/Voce-conhece-as-vantagens-de-uma-construcao-off-site-aratau.jpg","contentUrl":"https:\/\/www.arataumodular.com\/app\/wp-content\/uploads\/2020\/12\/Voce-conhece-as-vantagens-de-uma-construcao-off-site-aratau.jpg","width":1280,"height":720,"caption":"Um novo impulso para a constru\u00e7\u00e3o modular no cen\u00e1rio global"},{"@type":"BreadcrumbList","@id":"https:\/\/www.arataumodular.com\/app\/blog-es\/#breadcrumb","itemListElement":[{"@type":"ListItem","position":1,"name":"In\u00edcio","item":"https:\/\/www.arataumodular.com\/app\/"},{"@type":"ListItem","position":2,"name":"Blog"}]},{"@type":"WebSite","@id":"https:\/\/www.arataumodular.com\/app\/#website","url":"https:\/\/www.arataumodular.com\/app\/","name":"ARATAU Constru\u00e7\u00e3o Modular \u2013 Constru\u00e7\u00e3o Modular e Servi\u00e7os de Pr\u00e9-Constru\u00e7\u00e3o","description":"A Aratau Constru\u00e7\u00e3o Modular \u00e9 uma empresa inovadora, com solu\u00e7\u00f5es inteligentes de pr\u00e9-constru\u00e7\u00e3o e de constru\u00e7\u00e3o modular","publisher":{"@id":"https:\/\/www.arataumodular.com\/app\/#organization"},"potentialAction":[{"@type":"SearchAction","target":{"@type":"EntryPoint","urlTemplate":"https:\/\/www.arataumodular.com\/app\/?s={search_term_string}"},"query-input":{"@type":"PropertyValueSpecification","valueRequired":true,"valueName":"search_term_string"}}],"inLanguage":"pt-BR"},{"@type":"Organization","@id":"https:\/\/www.arataumodular.com\/app\/#organization","name":"ARATAU Constru\u00e7\u00e3o Modular \u2013 Constru\u00e7\u00e3o Modular e Servi\u00e7os de Pr\u00e9-Constru\u00e7\u00e3o","url":"https:\/\/www.arataumodular.com\/app\/","logo":{"@type":"ImageObject","inLanguage":"pt-BR","@id":"https:\/\/www.arataumodular.com\/app\/#\/schema\/logo\/image\/","url":"https:\/\/www.arataumodular.com\/app\/wp-content\/uploads\/2020\/12\/logo-aratau.svg","contentUrl":"https:\/\/www.arataumodular.com\/app\/wp-content\/uploads\/2020\/12\/logo-aratau.svg","width":1000,"height":448,"caption":"ARATAU Constru\u00e7\u00e3o Modular \u2013 Constru\u00e7\u00e3o Modular e Servi\u00e7os de Pr\u00e9-Constru\u00e7\u00e3o"},"image":{"@id":"https:\/\/www.arataumodular.com\/app\/#\/schema\/logo\/image\/"}}]}},"blog_post_layout_featured_media_urls":{"thumbnail":"","full":""},"categories_names":null,"comments_number":"0","_links":{"self":[{"href":"https:\/\/www.arataumodular.com\/app\/wp-json\/wp\/v2\/pages\/3147","targetHints":{"allow":["GET"]}}],"collection":[{"href":"https:\/\/www.arataumodular.com\/app\/wp-json\/wp\/v2\/pages"}],"about":[{"href":"https:\/\/www.arataumodular.com\/app\/wp-json\/wp\/v2\/types\/page"}],"author":[{"embeddable":true,"href":"https:\/\/www.arataumodular.com\/app\/wp-json\/wp\/v2\/users\/1"}],"replies":[{"embeddable":true,"href":"https:\/\/www.arataumodular.com\/app\/wp-json\/wp\/v2\/comments?post=3147"}],"version-history":[{"count":7,"href":"https:\/\/www.arataumodular.com\/app\/wp-json\/wp\/v2\/pages\/3147\/revisions"}],"predecessor-version":[{"id":3172,"href":"https:\/\/www.arataumodular.com\/app\/wp-json\/wp\/v2\/pages\/3147\/revisions\/3172"}],"wp:attachment":[{"href":"https:\/\/www.arataumodular.com\/app\/wp-json\/wp\/v2\/media?parent=3147"}],"curies":[{"name":"wp","href":"https:\/\/api.w.org\/{rel}","templated":true}]}}